11, 1471
List the prime factors of 29250.
2, 3, 5, 13
What are the prime factors of 16994?
2, 29, 293
List the prime factors of 9983.
67, 149
List the prime factors of 6311.
6311
What are the prime factors of 984?
2, 3, 41
What are the prime factors of 2053?
2053
What are the prime factors of 4124?
2, 1031
What are the prime factors of 3728?
2, 233
What are the prime factors of 3913?
7, 13, 43
List the prime factors of 2707.
2707
What are the prime factors of 39310?
2, 5, 3931
What are the prime factors of 13787?
17, 811
What are the prime factors of 1245?
3, 5, 83
List the prime factors of 114747.
3, 23, 1663
List the prime factors of 22605.
3, 5, 11, 137
What are the prime factors of 29931?
3, 11, 907
List the prime factors of 2759.
31, 89
What are the prime factors of 69753?
3, 23251
What are the prime factors of 1857?
3, 619
List the prime factors of 708.
2, 3, 59
What are the prime factors of 713?
23, 31
List the prime factors of 4940.
2, 5, 13, 19
List the prime factors of 33827.
33827
List the prime factors of 181646.
2, 90823
List the prime factors of 3168.
2, 3, 11
What are the prime factors of 10543?
13, 811
What are the prime factors of 16445?
5, 11, 13, 23
What are the prime factors of 3839?
11, 349
What are the prime factors of 2105?
5, 421
List the prime factors of 16676.
2, 11, 379
List the prime factors of 1461.
3, 487
What are the prime factors of 571?
571
What are the prime factors of 1926?
2, 3, 107
List the prime factors of 113438.
2, 13, 4363
What are the prime factors of 38084?
2, 9521
List the prime factors of 3189.
3, 1063
What are the prime factors of 12177?
3, 11, 41
What are the prime factors of 1235?
5, 13, 19
List the prime factors of 15335.
5, 3067
What are the prime factors of 84791?
7, 12113
What are the prime factors of 1753?
1753
List the prime factors of 14909.
17, 877
List the prime factors of 1584.
2, 3, 11
List the prime factors of 9592.
2, 11, 109
List the prime factors of 2268.
2, 3, 7
List the prime factors of 3033.
3, 337
What are the prime factors of 72141?
3, 139, 173
List the prime factors of 551.
19, 29
What are the prime factors of 1005?
3, 5, 67
What are the prime factors of 22115?
5, 4423
What are the prime factors of 26275?
5, 1051
List the prime factors of 2847.
3, 13, 73
List the prime factors of 950.
2, 5, 19
List the prime factors of 5436.
2, 3, 151
What are the prime factors of 1677?
3, 13, 43
What are the prime factors of 18777?
3, 11, 569
What are the prime factors of 2079?
3, 7, 11
List the prime factors of 358.
2, 179
List the prime factors of 4475.
5, 179
What are the prime factors of 30146?
2, 15073
What are the prime factors of 6251?
7, 19, 47
What are the prime factors of 58243?
58243
List the prime factors of 82460.
2, 5, 7, 19, 31
What are the prime factors of 7000?
2, 5, 7
What are the prime factors of 18581?
17, 1093
List the prime factors of 502.
2, 251
List the prime factors of 2751.
3, 7, 131
List the prime factors of 87.
3, 29
What are the prime factors of 686?
2, 7
List the prime factors of 97548.
2, 3, 11, 739
List the prime factors of 1924.
2, 13, 37
What are the prime factors of 5388?
2, 3, 449
List the prime factors of 102.
2, 3, 17
List the prime factors of 5485.
5, 1097
What are the prime factors of 33832?
2, 4229
What are the prime factors of 15631?
7, 11, 29
What are the prime factors of 1420?
2, 5, 71
What are the prime factors of 73334?
2, 37, 991
What are the prime factors of 5065?
5, 1013
List the prime factors of 17035.
5, 3407
What are the prime factors of 1538?
2, 769
What are the prime factors of 41898?
2, 3, 6983
List the prime factors of 16770.
2, 3, 5, 13, 43
List the prime factors of 154320.
2, 3, 5, 643
List the prime factors of 1868.
2, 467
List the prime factors of 76725.
3, 5, 11, 31
What are the prime factors of 6199?
6199
List the prime factors of 15190.
2, 5, 7, 31
What are the prime factors of 860?
2, 5, 43
What are the prime factors of 4827?
3, 1609
List the prime factors of 9237.
3, 3079
List the prime factors of 74275.
5, 2971
What are the prime factors of 1602?
2, 3, 89
What are the prime factors of 5141?
53, 97
List the prime factors of 11328.
2, 3, 59
What are the prime factors of 2506?
2, 7, 179
What are the prime factors of 5847?
3, 1949
List the prime factors of 3726.
2, 3, 23
What are the prime factors of 872?
2, 109
List the prime factors of 6935.
5, 19, 73
List the prime factors of 1402.
2, 701
What are the prime factors of 5196?
2, 3, 433
What are the prime factors of 30684?
2, 3, 2557
List the prime factors of 3287.
19, 173
What are the prime factors of 89790?
2, 3, 5, 41, 73
What are the prime factors of 1743?
3, 7, 83
List the prime factors of 9275.
5, 7, 53
List the prime factors of 9972.
2, 3, 277
List the prime factors of 8904.
2, 3, 7, 53
What are the prime factors of 12491?
12491
What are the prime factors of 490?
2, 5, 7
List the prime factors of 124.
2, 31
What are the prime factors of 6938?
2, 3469
List the prime factors of 2077.
31, 67
What are the prime factors of 8692?
2, 41, 53
List the prime factors of 1689.
3, 563
List the prime factors of 344.
2, 43
List the prime factors of 31244.
2, 73, 107
What are the prime factors of 1380?
2, 3, 5, 23
List the prime factors of 491.
491
List the prime factors of 5834.
2, 2917
List the prime factors of 6083.
7, 11, 79
List the prime factors of 35057.
11, 3187
What are the prime factors of 3379?
31, 109
List the prime factors of 123239.
123239
List the prime factors of 5808.
2, 3, 11
What are the prime factors of 2143?
2143
What are the prime factors of 974?
2, 487
List the prime factors of 60645.
3, 5, 13, 311
What are the prime factors of 1120?
2, 5, 7
List the prime factors of 7523.
7523
List the prime factors of 41700.
2, 3, 5, 139
List the prime factors of 4902.
2, 3, 19, 43
List the prime factors of 47193.
3, 15731
List the prime factors of 8889.
3, 2963
List the prime factors of 484.
2, 11
What are the prime factors of 1543?
1543
What are the prime factors of 16580?
2, 5, 829
List the prime factors of 1103.
1103
List the prime factors of 4354.
2, 7, 311
What are the prime factors of 7753?
7753
What are the prime factors of 1179?
3, 131
What are the prime factors of 967?
967
List the prime factors of 1565.
5, 313
What are the prime factors of 569?
569
What are the prime factors of 3184?
2, 199
What are the prime factors of 60518?
2, 30259
List the prime factors of 27496.
2, 7, 491
List the prime factors of 1495.
5, 13, 23
What are the prime factors of 430?
2, 5, 43
What are the prime factors of 2275?
5, 7, 13
List the prime factors of 1934.
2, 967
What are the prime factors of 5977?
43, 139
List the prime factors of 1847.
1847
What are the prime factors of 1179?
3, 131
List the prime factors of 45762.
2, 3, 29, 263
List the prime factors of 15148.
2, 7, 541
What are the prime factors of 7649?
7649
List the prime factors of 88333.
7, 12619
What are the prime factors of 37302?
2, 3, 6217
What are the prime factors of 2940?
2, 3, 5, 7
What are the prime factors of 4418?
2, 47
List the prime factors of 1181.
1181
List the prime factors of 2576.
2, 7, 23
What are the prime factors of 35?
5, 7
List the prime factors of 596.
2, 149
List the prime factors of 387.
3, 43
List the prime factors of 1267.
7, 181
List the prime factors of 3245.
5, 11, 59
List the prime factors of 3009.
3, 17, 59
What are the prime factors of 1317?
3, 439
List the prime factors of 760.
2, 5, 19
What are the prime factors of 1558?
2, 19, 41
What are the prime factors of 6953?
17, 409
List the prime factors of 1461.
3, 487
What are the prime factors of 341?
11, 31
List the prime factors of 62082.
2, 3, 3449
What are the prime factors of 91461?
3, 43, 709
List the prime factors of 845.
5, 13
What are the prime factors of 967?
967
What are the prime factors of 3881?
3881
List the prime factors of 236.
2, 59
List the prime factors of 888.
2, 3, 37
What are the prime factors of 9616?
2, 601
List the prime factors of 7954.
2, 41, 97
What are the prime factors of 34273?
34273
What are the prime factors of 2268?
2, 3, 7
List the prime factors of 10349.
79, 131
What are the prime factors of 1313?
13, 101
What are the prime factors of 1575?
3, 5, 7
List the prime factors of 5191.
29, 179
List the prime factors 